126. Let s = f - a. What are the prime factors of s?
2, 11
Let g(c) = 15*c + 248. List the prime factors of g(20).
2, 137
Suppose 1974 = 4*g + 598. List the prime factors of g.
2, 43
Suppose 5*s = -p - p - 6, -2 = -3*p - 2*s. Suppose p*t = x + 4, -5*x + 2*t + 16 = 4*t. What are the prime factors of x?
2
Let q(o) be the third derivative of 5*o**4/12 + 17*o**3/6 + 3*o**2. What are the prime factors of q(5)?
67
Suppose 3*w - w + 4 = m, 5*w + 1 = -2*m. List the prime factors of -2*w/(-12) + 5045/30.
2, 3, 7
Let s be -3 + 0 - (2 - 9). Suppose 4*i + 4 = -3*x + 2*i, 12 = x + s*i. Let b(p) = -11*p + 10. What are the prime factors of b(x)?
2, 3
Let h(m) = m + 18. Let b(t) = t**3 + 7*t**2 + 6*t + 3. Let g be b(-6). Suppose 0 = i + 2*p + 8, g*i - p = 4*p - 46. List the prime factors of h(i).
2, 3
Let z = 1737 - 1096. List the prime factors of z.
641
Let n(f) = -29*f + 51. List the prime factors of n(-8).
283
Let p = -20 - -37. Suppose b + p = 5*b - a, -a = 5. Suppose -b*z + 4 = -29. List the prime factors of z.
11
Let i(k) = 94*k**3 + 2*k**2 - 1. What are the prime factors of i(2)?
3, 11, 23
Suppose 0 = 6*g - 7*g + 219. Let a = g - 126. What are the prime factors of a?
3, 31
Let l(c) = 2*c**3 - c**2 - c + 2921. List the prime factors of l(0).
23, 127
Suppose -2*z - 1 = 1. What are the prime factors of -3 - (-5 - (5 + z))?
2, 3
Let p(n) be the first derivative of n**4/2 + 5*n**3/3 + n**2/2 - 3*n + 5. Let u be p(-3). Let v = u - -19. List the prime factors of v.
2
Let a be (-455)/20 + (-2)/8. Let s = a + 48. Let m = s + -21. List the prime factors of m.
2
Let v = -67 + 79. List the prime factors of v/(-20) + 0 + 418/5.
83
Let y(s) = -50*s + 89. What are the prime factors of y(-8)?
3, 163
Let c be 0*4*2/8. Let r(u) = -2*u + c*u + 4*u - 2. List the prime factors of r(4).
2, 3
Suppose 2*i - 4*q + 4 = -0*i, -4*q - 2 = -5*i. Let n = 13 - 6. Suppose -n*l + i*l = -95. What are the prime factors of l?
19
Let v be ((-12)/8)/(3/(-4)). Suppose -2 = -r + v. Suppose -t + 12 = j, -j - 2 + r = -t. What are the prime factors of j?
7
Suppose 120 = -64*v + 69*v. Let a(h) = -10*h - 6. Let r be a(-4). Let n = r - v. What are the prime factors of n?
2, 5
Suppose 6*k + 2*k - 1472 = 0. List the prime factors of k.
2, 23
Let h(y) = y**2 - 9*y + 913. List the prime factors of h(0).
11, 83
Suppose -m + 10 = 2*v, -6 - 14 = -4*m - 4*v. List the prime factors of (1 - m)/(8/416).
2, 13
What are the prime factors of (-34456)/(-20) - ((-54)/(-30) + -2)?
1723
Let i(d) = -d**3 + 5*d**2 - d - 2. Let s be i(3). Let h = s + -19. What are the prime factors of (8/h)/(8/(-132))?
2, 11
List the prime factors of ((-132)/6 + -1)/(2/(-6)).
3, 23
Let f = 464 - 166. What are the prime factors of f?
2, 149
Let b = -9 - -7. Let t(q) = -2*q**3 - 4*q**2 - 2*q. Let f be t(b). Suppose -f*u + 105 - 14 = y, 3*u - 54 = 4*y. List the prime factors of u.
2, 11
Let p(i) = -8 + i**2 + 4 - 3*i - 1. Let v = -21 + 29. List the prime factors of p(v).
5, 7
Suppose -379 = 5*q + 371. Let b = -93 - q. List the prime factors of b.
3, 19
Let h(n) = 10*n**3 + 2*n**2 - 2*n - 4. Let s be h(-3). List the prime factors of s/(-25)*-1*(-42)/4.
3, 5, 7
Suppose -4*d = 2 - 6. Let i be (6/1)/(d/18). Suppose 5*h + 18 - i = 0. List the prime factors of h.
2, 3
Suppose 0*f + 12 = -2*f. Let i = f - -20. Let p = 15 + i. List the prime factors of p.
29
Suppose -1485 = -4*p + 887. List the prime factors of p.
593
Suppose -3*t + 27 = k + 374, 4*k = t + 133. Let p = 228 + t. Suppose 0 = -2*a + 55 + p. List the prime factors of a.
83
Let l(n) = n**3 + 12*n**2 + 11*n + 65. Let d be l(-12). Let a = -16 + -23. Let o = a - d. List the prime factors of o.
2, 7
Let g be 0 + (-9)/(-12)*4. Suppose -3*t + 57 = g*h, 0 = 3*t + 3. What are the prime factors of h?
2, 5
Let x be (-238)/(-6) - 1/(-3). List the prime factors of (x/(-7))/((-6)/21).
2, 5
Let s(r) = 10*r**2 + 11*r - 8. What are the prime factors of s(6)?
2, 11, 19
Let k be (-80)/(-8) + (-2)/((-4)/(-10)). Let h = 0 - -4. Suppose -k = -y + 2*s, 0 = -h*y + 4*s - 3*s + 48. List the prime factors of y.
13
Suppose -8*r = -5*r - 12. Suppose -216 - 8 = -r*y - 3*z, -5*y = 2*z - 287. Let t = y - 16. List the prime factors of t.
43
Suppose -10*h + 2060 = -6380. List the prime factors of h.
2, 211
Let k(g) = -2381*g + 12. What are the prime factors of k(-1)?
2393
Let p = 1823 + -282. What are the prime factors of p?
23, 67
Let k(t) = 2*t + 36. Let d be k(-17). List the prime factors of ((-121)/d)/(-1) - 15/(-10).
2, 31
Let m(s) = 25*s - 2. Let x be m(-1). Let t be (-48)/x - (-10)/45. Suppose -t*j - 47 = -5*v, -2*j - 9 = -2*v + 11. What are the prime factors of v?
3
Let o be -4*(-1 + (-39)/12). Let v(b) = -b**2 + 13*b + 30. Let k be v(14). Suppose 4*g = -2*a + k, -a + g + 3 = -o. List the prime factors of a.
2
Suppose -13321 = -91*h + 53837. What are the prime factors of h?
2, 3, 41
Let g be ((-3)/(-2) - 2)/(11/5214). Let j = -110 - g. What are the prime factors of j?
127
Let d = 22 - -8. Suppose -4*v + v = -d. List the prime factors of (20/6)/(v/15).
5
Let q = 87 + -75. What are the prime factors of (-2 + -1 + 83)/(q/18)?
2, 3, 5
Let g = 12 + -26. Let h = -13 - g. What are the prime factors of (-1)/(-1) + 11/h?
2, 3
Let l = 77 - 6. List the prime factors of l.
71
Let r = 532 + 711. List the prime factors of r.
11, 113
Let g be (-1 + 1)/(-3) + 18. Let l be (-114)/10 - 10/(-25). Let a = l + g. What are the prime factors of a?
7
Let g = 10 + -1. Let v(d) = 4 + 6 + d - 17 + 14. What are the prime factors of v(g)?
2
Suppose 0 = 3*j - 14*j + 2673. Suppose 2*v = 743 - j. What are the prime factors of v?
2, 5
Let v(f) = 10*f**2 - 9*f + 10. Let s be v(8). Suppose -5*l = -s + 183. Suppose -2*d + l = p, 0*d = 3*d + 5*p - 122. List the prime factors of d.
3, 13
Let t(x) = 3*x**2 - 9*x - 9. Let y be t(4). Suppose -172 = 4*k + 3*c - 1169, y*k - 769 = 2*c. What are the prime factors of k?
11, 23
Suppose 0 = -4*j - 16, -3538 + 672 = -5*f + 4*j. List the prime factors of f.
2, 3, 5, 19
Let q be (9/(-6))/(3/24*-3). Suppose -244 = -2*r + q*d, -2*r + 2*d + 248 = -d. List the prime factors of r.
2, 5, 13
Let j = 874 + 1. What are the prime factors of j?
5, 7
Let a be ((-6)/(-9))/(6/189). Let d be 6/a + (-264)/42. Let q(k) = 2*k**2 + 8*k + 14. List the prime factors of q(d).
2, 19
Let o(p) = 2*p + 14. Let a be o(-5). List the prime factors of a + -6 + (-15)/(-1).
13
Suppose 14*g = 31512 + 1948. Suppose 10*w = -0*w + g. List the prime factors of w.
239
Let s(l) = l**3 + 5*l**2 - 9*l + 6. Let q be s(-7). Let y = q - -25. Let j = 14 - y. List the prime factors of j.
2, 3
Suppose 18 = z - 2*w, -2*z + 7*z - 99 = w. Suppose -2*k = -y + 5, 4*y - z = 4*k - 2*k. Suppose 3 = -k*h + h. List the prime factors of h.
3
Let q(s) = -564*s**3 + 2*s**2 + 3*s + 2. List the prime factors of q(-1).
5, 113
Suppose -3*b + 1 = -5*d - 3, 4*d - 19 = -5*b. Let j be ((-245)/(-10))/(d/2). Suppose 2*f - 3*c = -2*c + 98, -5*c = -f + j. What are the prime factors of f?
7
Suppose -9*h + 3*h = -48. Let u = h + 177. List the prime factors of u.
5, 37
Let i be -2 - (-36)/2 - 1. What are the prime factors of 50/(((-63)/i + 4)*-2)?
5
Let x be -5*4/(-40)*20/1. Suppose 2*b - 58 - 101 = -5*s, 0 = -2*s + x. What are the prime factors of b?
67
Let t be (2 - 4) + -1 + 9. Suppose t*c - 5*c - 57 = 0. What are the prime factors of c?
3, 19
Let n = -12 - -21. Let f(i) = -i**2 + 9*i - 3. Let g be f(n). What are the prime factors of 58*(10/(-4) - g)?
29
Let x(f) = 41*f - 50. List the prime factors of x(19).
3
Let u = -17 - -19. Suppose u*v - 240 = -3*v. List the prime factors of v.
2, 3
Suppose -a + 5*c + 34 = 0, 3*a + 2*c - 70 = -a. Suppose 2*v = -11 + a. Let m(w) = 2*w**2 + 4. What are the prime factors of m(v)?
2, 3
Let d = 98 - 70. Let o be (-7)/d - (-2)/8. Suppose o*b + 112 = 7*b. What are the prime factors of b?
2
Let w = 238 + 525. What are the prime factors of w?
7, 109
Let n(z) = z**3 + 4*z**2 + z - 1. Let i be n(-3). Suppose r + 106 = 3*s, i*s - 150 = 5*r - 10*r. Let m = s + -21. List the prime factors of m.
13
Let k be (154/28)/(1/4). Let o = -7 + k. What are the prime factors of o?
3, 5
Let f = -10 - 5. Let o be 435/21 - (-6)/21. Let i = f + o. List the prime factors of i.
2, 3
Let k be 7 + -1 + -6 + 4. Let y be (-716)/6*(-6)/k. Suppose 2*w - 2*a - 88 = 0, 4*w -